
359
Convert -459a (base 12) to base 13.
-36b2
406 (base 7) to base 9
244
What is -400443 (base 5) in base 6?
-134235
Convert 110100111000101 (base 2) to base 9.
41125
48 (base 13) to base 2
111100
What is 21331 (base 4) in base 7?
1600
-1111022 (base 3) to base 12
-768
What is -299 (base 12) in base 8?
-625
What is -157a (base 11) in base 15?
-8ed
What is -47360 (base 8) in base 5?
-1121313
Convert 1a1b (base 14) to base 9.
6434
-30232 (base 8) to base 16
-309a
48b (base 13) to base 7
2210
101100011 (base 3) to base 15
2377
What is 101102 (base 3) in base 15?
13b
What is -12201122 (base 3) in base 16?
-104f
What is 3476 (base 12) in base 9?
8020
What is -1004344 (base 6) in base 8?
-135050
What is 336 (base 13) in base 3?
202110
26b8 (base 15) to base 7
33056
What is 21503 (base 7) in base 13?
25bb
What is -1443 (base 7) in base 9?
-703
What is 509 (base 11) in base 9?
752
Convert -79c6 (base 14) to base 4.
-11022122
112312 (base 4) to base 9
2004
What is -3588 (base 9) in base 3?
-10122222
111101 (base 3) to base 8
551
What is -264 (base 15) in base 4?
-20200
44343 (base 6) to base 14
2379
What is -370 (base 11) in base 10?
-440
-111103 (base 6) to base 15
-2b6c
What is 313023 (base 5) in base 2?
10100010010100
Convert -1202100 (base 3) to base 8.
-2376
What is 1101000001010000 (base 2) in base 12?
26a40
Convert -8db (base 15) to base 4.
-133112
What is -632 (base 7) in base 13?
-1b5
20101 (base 3) to base 2
10101100
Convert 545 (base 14) to base 5.
13131
Convert 876 (base 9) to base 15.
32c
Convert 937b (base 14) to base 3.
1021211111
Convert 1a485 (base 14) to base 12.
32771
557a (base 12) to base 7
36364
Convert -1036 (base 7) to base 10.
-370
What is -10132 (base 6) in base 5?
-20402
Convert -f55 (base 16) to base 12.
-2331
-35045 (base 9) to base 2
-101101101001001
What is -11305 (base 10) in base 7?
-44650
Convert 5133 (base 11) to base 5.
204222
What is -28c (base 15) in base 10?
-582
What is -914 (base 12) in base 11?
-a93
What is 9b2 (base 13) in base 5?
23131
2685 (base 15) to base 14
2dd7
-1547 (base 11) to base 15
-8c7
-117c2 (base 13) to base 14
-b9ab
What is a63b (base 15) in base 6?
430432
-10313 (base 4) to base 16
-137
Convert 342312 (base 6) to base 12.
14998
Convert -18019 (base 10) to base 9.
-26641
What is 1255 (base 6) in base 15?
168
Convert 105 (base 14) to base 10.
201
-1221100100 (base 3) to base 7
-216153
Convert -114646 (base 8) to base 10.
-39334
241 (base 10) to base 4
3301
What is 1021120 (base 3) in base 6?
4153
-10e86 (base 15) to base 2
-1101001010001101
What is -123 (base 8) in base 12?
-6b
201110 (base 3) to base 11
438
What is 15614 (base 7) in base 13?
2021
-103b (base 16) to base 2
-1000000111011
What is -11808 (base 9) in base 11?
-5a74
1b7 (base 14) to base 5
2412
What is 292 (base 10) in base 16?
124
Convert 10100110001101 (base 2) to base 14.
3c3b
What is -200121212 (base 3) in base 10?
-13577
Convert 1100013 (base 5) to base 6.
222502
-31115 (base 7) to base 9
-11382
Convert -378 (base 10) to base 15.
-1a3
What is 133122 (base 4) in base 16?
7da
-12463 (base 9) to base 3
-102112010
Convert 182 (base 15) to base 3.
110212
2037 (base 11) to base 15
c02
What is -1d15 (base 14) in base 5?
-132221
Convert -1a7a (base 12) to base 15.
-e77
-100101000100000 (base 2) to base 14
-6cb6
-1160 (base 12) to base 13
-b67
What is -104 (base 14) in base 8?
-310
Convert -16b (base 14) to base 13.
-195
Convert -11202002 (base 3) to base 6.
-24002
Convert 1202222 (base 3) to base 5.
20140
What is 40 (base 7) in base 13?
22
Convert 1502 (base 6) to base 11.
332
-3055 (base 12) to base 2
-1010010000001
-252 (base 13) to base 12
-299
Convert -2179 (base 15) to base 8.
-15661
1d3d (base 15) to base 8
14326
What is -482 (base 10) in base 11?
-3a9
What is -623 (base 9) in base 14?
-283
What is 13333 (base 9) in base 8?
21475
What is 133116 (base 9) in base 7?
455124
What is 20300 (base 4) in base 2?
1000110000
Convert -21020 (base 3) to base 8.
-303
What is -1351 (base 6) in base 13?
-214
What is -100000010010111 (base 2) in base 15?
-4d75
What is 211b0 (base 14) in base 9?
131566
-1110110101 (base 2) to base 8
-1665
-33302332 (base 4) to base 3
-10021202101
What is 321313 (base 5) in base 14?
3d3b
What is -11001222212 (base 3) in base 9?
-131885
What is 3116 (base 8) in base 7?
4464
-3372 (base 11) to base 13
-2032
-1005 (base 11) to base 4
-110320
Convert 1b8c (base 13) to base 14.
1740
What is -37111 (base 8) in base 6?
-201453
-2b7e (base 16) to base 9
-16241
What is -763 (base 13) in base 12?
-894
10222222 (base 4) to base 3
222012221
What is 167c (base 14) in base 12?
23ba
Convert 535 (base 11) to base 14.
33d
Convert 709 (base 13) to base 2.
10010101000
349a (base 12) to base 11
4464
What is -220112212 (base 3) in base 7?
-103115
Convert -106a4 (base 16) to base 4.
-100122210
a08 (base 13) to base 2
11010100010
Convert -1001111000000 (base 2) to base 9.
-6837
1165 (base 8) to base 15
2be
-1056 (base 7) to base 2
-110000000
Convert -40353 (base 6) to base 16.
-14cd
-a260 (base 11) to base 9
-20611
-110101112 (base 3) to base 6
-105452
-14b (base 14) to base 16
-107
-7260 (base 8) to base 4
-322300
798 (base 13) to base 15
5c3
What is -113144 (base 5) in base 16?
-104e
What is 113112 (base 4) in base 6?
10530
3994 (base 16) to base 14
552c
What is -42101 (base 8) in base 15?
-529d
What is 976c (base 14) in base 6?
321044
-12405 (base 7) to base 16
-cd8
718 (base 16) to base 6
12224
What is 160254 (base 8) in base 11?
3a238
What is -122222 (base 3) in base 15?
-225
4206 (base 7) to base 10
1476
What is 6266 (base 10) in base 3?
22121002
Convert 3204234 (base 5) to base 10.
53694
Convert 11633 (base 7) to base 3.
11012102
-5456 (base 9) to base 2
-111110110100
239c (base 14) to base 12
371a
21311 (base 4) to base 14
32d
Convert -1121122 (base 3) to base 8.
-2232
1bae (base 16) to base 15
2176
Convert -6424 (base 8) to base 7.
-12522
25b (base 12) to base 16
167
-10000000100 (base 2) to base 6
-4432
What is a01 (base 16) in base 12?
1595
What is 332 (base 9) in base 12?
1a8
What is 100000111100 (base 2) in base 15?
958
414 (base 7) to base 5
1312
1878 (base 10) to base 13
b16
Convert -3412220 (base 5) to base 9.
-101651
Convert 3da2 (base 14) to base 13.
4c82
What is 1012221 (base 3) in base 9?
1187
-22364 (base 9) to base 3
-202102011
What is 16603 (base 8) in base 7?
31012
What is -c90a (base 14) in base 8?
-103616
What is -487b (base 15) in base 12?
-8b08
-cb8 (base 14) to base 11
-1986
What is 5713 (base 8) in base 11?
22a5
What is 2627 (base 12) in base 15?
1451
What is 4245 (base 10) in base 13?
1c17
Convert 2314104 (base 5) to base 7.
232543
-186d (base 15) to base 8
-12236
-21312 (base 4) to base 9
-770
Convert 1001101100000101 (base 2) to base 3.
2000102211
Convert -20222 (base 4) to base 7.
-1421
What is -4377 (base 11) in base 7?
-22553
-228 (base 9) to base 3
-20222
-132113 (base 7) to base 9
-36855
What is -111001101 (base 2) in base 11?
-38a
-8713 (base 9) to base 2
-1100100001011
What is 81 (base 9) in base 2?
1001001
Convert 31113 (base 5) to base 2.
11111110001
-1cb22 (base 13) to base 6
-1115004
203110 (base 4) to base 7
6406
What is 1238 (base 9) in base 3?
1021022
11031103 (base 4) to base 14
7ab9
What is 2d0 (base 14) in base 5?
4244
Convert 20aa (base 11) to base 6.
20514
1101220 (base 4) to base 3
21011111
Convert -369 (base 13) to base 3.
-211000
Convert 1611 (base 7) to base 4.
22011
What is -45f8 (base 16) in base 2?
-100010111111000
1104 (base 8) to base 11
488
Convert 33036 (base 7) to base 9.
12286
Convert 3311123 (base 5) to base 12.
29012
Convert -a52 (base 12) to base 5.
-22002
Convert -3588 (base 9) to base 8.
-5160
121110 (base 4) to base 7
4503
What is 5102 (base 6) in base 9?
1472
What is -1763 (base 12) in base 15?
-c76
What is -20 (base 11) in base 5?
-42
What is 16784 (base 9) in base 12?
684a
100110001010 (base 2) to base 8
4612
What is -814 (base 9) in base 12?
-471
What is -11110010001 (base 2) in base 11?
-1501
Convert -2cd (base 15) to base 4.
-22003
12210120 (base 3) to base 9
5716
-10141 (base 5) to base 10
-671
Convert -1110001101001111 (base 2) to base 14.
-172c7
1110122 (base 4) to base 16
151a
-100010111 (base 2) to base 7
-546
What is 10110000110 (base 2) in base 16?